/x. Let z(f) = f + f**2 - 6 - 1 - 6*f. What is z(y)?
-1
Let x(v) be the first derivative of -5*v**3/3 + v + 16. Determine x(-1).
-4
Let a(y) = -y**3 + 5*y**2 + 3*y - 3. Suppose 18 = 3*r + 2*l + l, -3*l + 3 = 0. What is a(r)?
12
Let o(f) = -f**2 + 9*f - 6. Suppose 7*w - 28 = 3*w. What is o(w)?
8
Let r = -8 - -3. Let n(c) = 6*c - 2. Let x(l) = 8*l - 1 + 3 - 15*l. Let p(a) = r*x(a) - 6*n(a). Give p(2).
0
Let o(z) = z**2 + 3*z + 2. Let d = -2 + 5. Suppose -2*w - 20 = d*w. Give o(w).
6
Let o = -8 - -5. Let w(h) = -h + 3 - 1 + 2. What is w(o)?
7
Let q(d) = -5*d**2 + d - 4. Let g(c) = 4*c**2 - 2*c + 3. Let v(s) = 4*g(s) + 3*q(s). Calculate v(6).
6
Let d(g) = 2*g + 7. Let t be (-5)/(-25) - 124/20. Give d(t).
-5
Suppose 4 = -c + 11. Suppose c*x + 23 = -i + 2*x, -2*i - 5*x - 21 = 0. Suppose m - 5 = i*m. Let a(o) = -o - 4. Determine a(m).
1
Suppose 0*d + 5*d = 0. Suppose 4*c + 5*s = 11, d*c - 21 = -4*c + 5*s. Let y(p) = -6 + 7*p + 2 + p**2 - c*p. What is y(-5)?
6
Let g be -4*(-4)/8 - 3. Let y(m) be the first derivative of -m**4 - m**3/3 - m**2/2 - 1. Determine y(g).
4
Let d = -12 - -11. Let w(b) = 10*b. Calculate w(d).
-10
Suppose 1 = -3*z + 7. Let s be -2*(-2)/(-8)*-10. Let n(c) = s*c - z - 4*c + 1. Determine n(-3).
-4
Let y(s) be the second derivative of 0 + 0*s**2 - 6*s + 1/6*s**3 - 1/12*s**4. Calculate y(4).
-12
Let c(s) = 5*s**2 + 2 - 3*s - 7*s**2 + 3*s**2. Give c(2).
0
Let x be 36/24 + 3/(-2). Let j(y) = x + 4 + 1 - 6 + 3*y. Calculate j(-1).
-4
Let b(s) = 1 - 1 - 3 - 2*s - 3. Calculate b(-5).
4
Let i(k) = -k**2 - 4*k - 2. Let d(c) = c**2 + c + 2. Let y be d(0). Suppose y*u + 3 = -3. Let t = -7 - u. Determine i(t).
-2
Let y(s) be the first derivative of s**2 - s - 4. Let f be y(-1). Let m(h) = 5*h**2 - 4*h**2 - 4 + h + 0*h. Give m(f).
2
Let f(a) = -a**3 + a**2 - 2*a + 3. Suppose 2 = -6*x + 14. Calculate f(x).
-5
Let c(t) = 5*t**3 + t**2 + 2*t - 1. Let p(r) = -14*r**3 - 2*r**2 - 5*r + 2. Let g(i) = 17*c(i) + 6*p(i). Give g(-4).
-5
Let q(z) be the third derivative of z**8/20160 + z**6/180 - z**5/60 - 7*z**2. Let o(j) be the third derivative of q(j). Calculate o(-3).
13
Let h be 11/4 + 1/4. Let k(i) = 0*i + 6*i - 4*i**2 - 3*i - i**h. Give k(-5).
10
Let u(y) be the first derivative of y**5/60 + y**4/8 - 5*y**3/6 + 3*y**2/2 + 1. Let z(f) be the second derivative of u(f). What is z(-5)?
5
Let o(k) = -k - 2. Let h(s) = -s**2 + 3*s - 16. Let w(z) = -h(z) + 3*o(z). Determine w(7).
17
Let i(z) = z**3 + 5*z**2 - 3*z + 6. Let t(m) = -m**2 - 4*m - 5. Let v be t(-4). Determine i(v).
21
Let x(o) be the third derivative of 0*o + 0 + o**2 + 0*o**3 - 1/24*o**4. Let w = -1 - -3. Determine x(w).
-2
Let l(o) = -5*o - 1. Let h(m) = -6*m - 2. Let w(s) = -4*h(s) + 5*l(s). Determine w(5).
-2
Let f be 4/(-14) + 80/35. Suppose 5*n - 5 = -0, -f*u = -n - 7. Let s(y) = -y**3 + 5*y**2 - 2*y - 3. Determine s(u).
5
Let o(x) = x + 1. Let b(t) = 10*t + 10. Suppose f + 10 = 2*a + 3*f, -19 = -5*a - 3*f. Let k = -1 + a. Let g(w) = k*b(w) - 12*o(w). What is g(2)?
-6
Let u(c) = c**3 + 10*c**2 + c + 5. Let y be u(-10). Let x = -7 - y. Let n(l) = -2*l - 3. Let g(r) = r + 1. Let j(p) = 8*g(p) + 3*n(p). What is j(x)?
-5
Let x(f) = -f**3 - 5*f**2 - 3*f - 4. Suppose 0 = -5*i - 3*i - 32. Give x(i).
-8
Let n(u) = -u + 6. Let h be n(6). Let l(w) = -5*w + w**3 - w**2 + 2*w**2 + h*w**3 - 4 + w**2. Calculate l(-3).
2
Let b(w) = -1 - 46*w + 23*w + 19*w. Determine b(-2).
7
Let p(m) = m - 7. Let i(v) = 2*v - 6. Let z be i(5). Calculate p(z).
-3
Let p(k) be the second derivative of k**3/6 - k**2 - k. Suppose x + 23 = 5*u, 12 - 4 = 2*u. Let l be 3 - x*(-2 - 0). Calculate p(l).
-5
Let o(v) = 3*v**2 + v - 4. Let c(d) = 3*d**2 - 1. Let l be c(1). Let z(r) = 4*r**2 - 2*r - 3*r**l + 3*r - 4 + r**2. Let p(b) = -3*o(b) + 4*z(b). Calculate p(0).
-4
Let w(l) = -15*l**2 - 7*l - 9. Let p(t) = -7*t**2 + 2*t - 4. Let s(u) = 7*u**2 - u + 4. Let j(m) = -4*p(m) - 5*s(m). Let y(g) = 7*j(g) - 3*w(g). Calculate y(1).
-5
Let l(a) be the second derivative of -a**4/12 - a**3/2 + a**2/2 - a. Suppose -4*g = 3*m + 1, 4*g - 22 = 2*m - 8. Calculate l(m).
1
Let f(y) = 2*y - 1. Suppose -5*a = -2*t - 37, a + 8 + 17 = -5*t. Let u be (-5)/(15/t)*-1. Calculate f(u).
-5
Let z(v) be the third derivative of -1/24*v**4 + 0*v + 0 - 1/3*v**3 + 2*v**2. What is z(-3)?
1
Let u(k) = k + 2. Let p = -3 - -13. Suppose -x + 25 = -4*t, t + t + 4*x = p. What is u(t)?
-3
Suppose 5*z = 5*f + 17 - 7, -2*f = -3*z + 6. Suppose 7 + 1 = 4*s. Suppose z*a + 2 = -s. Let p(t) = -t**2 + t. What is p(a)?
-6
Let f be (21/6 + -4)/(-1). Let q(s) be the first derivative of f*s**2 + 2 - s. Determine q(5).
4
Let p(r) = 13*r + 17. Let m(c) = -7*c - 9. Let h(t) = 11*m(t) + 6*p(t). Let z(k) = -k - 3. Let g be z(3). Calculate h(g).
-3
Suppose 3*v + 3 + 0 = 0. Let p be 5/3*3*v. Let d(z) = 11 - 3*z + 4*z + 0*z. Give d(p).
6
Let q = 44 + -48. Let y(r) = -r**3 - 3*r**2 + r. Give y(q).
12
Let m(p) = p**2 + 3*p + 5. Suppose 3*i + 17 + 4 = 0. Let j = -11 - i. Calculate m(j).
9
Let y(l) be the first derivative of -l**3/3 - 3*l**2 - l + 1. Let m(p) = -2*p**3 - 28*p**2 - p - 18. Let g be m(-14). What is y(g)?
7
Let t(f) = -2*f. Let r(w) = -2*w + 11. Let d(x) = x - 5. Let y(b) = 9*d(b) + 4*r(b). Let l(p) = -2*t(p) - 3*y(p). What is l(0)?
3
Let v(g) = 2*g - 6. Let d(x) = x - 6. Let h(j) = -3*d(j) + 2*v(j). Give h(0).
6
Suppose -4*k = -2*u - 28, -5*u - 130 = -0*k + 5*k. Let c = u - -19. Let q(y) = -y**2 - y + 4. Give q(c).
-2
Let b be (2 - (-5)/(-2))*14. Let s(x) be the second derivative of x**4/12 + 7*x**3/6 - 2*x**2 - 20*x. Determine s(b).
-4
Let a(q) = q**2 + 6*q + 1. Let w be 12/(-42) + 2/7. Suppose w = 2*i - r + 7, 11 = -2*i - 2*r + 1. Calculate a(i).
-7
Let j(n) = n**2 + 7*n - 8. Let d be j(-9). Let i be ((-9)/15)/(2/d). Let k(h) = -h**2 - 3*h - 3. Calculate k(i).
-3
Suppose 3*k = 8*k. Let f(a) = a - 12. Determine f(k).
-12
Let m(k) = -2*k**3 - 3*k**2. Let w be m(-2). Suppose -c = -l - 2*c - 2, -w*l - 23 = -c. Let g(y) = y**3 + 5*y**2 - 2*y - 5. Calculate g(l).
5
Let v(o) be the first derivative of o**3/3 - o**2 + 1. Let i be v(3). Let w(k) = 4*k**3 + k**3 - 3*k**3 - i*k**3. Give w(1).
-1
Let c(o) = 8*o - o**2 + 2*o**2 + 8*o - 14*o. What is c(-2)?
0
Let x = 8 - 3. Suppose 5*t - x*n = 10, -4*t + n + 2 = 9. Let b(y) be the third derivative of y**6/120 + y**5/12 + y**4/6 - y**3/6 + 2*y**2. Determine b(t).
5
Let p(y) = y**3 + 4*y**2 - 2*y - 6. Let q(z) = z**3 - 5*z**2 - 7*z + 3. Let r be q(6). Let m be ((-1)/r)/(1/3). Suppose -11 = 3*o + m. Determine p(o).
2
Suppose -4*l = -5*z - 41, 3*l + z - 5*z - 32 = 0. Let a(x) be the third derivative of -x**6/120 + x**5/15 - x**4/12 + x**3 + x**2 + 86. Determine a(l).
-2
Let b(x) be the third derivative of -x**5/60 - 7*x**4/24 + x**3/2 + 19*x**2. Determine b(-6).
9
Let h(r) be the second derivative of r**4/12 - r**3/2 + r**2/2 + 7*r. Calculate h(2).
-1
Let k(f) = f**3 + 9*f**2 + 8*f + 2. Let v be k(-8). Let x(y) = y**3 + v*y**2 - 1 + 0*y - y + 2. Let z be ((-6)/10)/(5/25). What is x(z)?
-5
Let q be 1/(-5) - (-28)/(-10). Let a be (-4)/6*q/2. Let i(g) = -g - a - 1 + 1. What is i(-3)?
2
Let a(p) be the second derivative of 0 + 1/12*p**4 + 2*p + 1/2*p**2 - 1/6*p**3. Let o(r) = -r**2 + 8*r - 9. Let j be o(6). What is a(j)?
7
Let o be 1/(-12)*-14 + -1. Let r(c) be the third derivative of 1/6*c**3 + o*c**4 - c**2 + 0*c + 0. Determine r(-1).
-3
Suppose -a = p - 10 + 1, 4*p - a = 16. Suppose -2*i - 4 = -4*i. Let h(g) = 0*g**3 - 32*g**i - 6*g + g**3 + 28*g**2. What is h(p)?
-5
Let v(j) be the second derivative of j**5/20 - j**4/3 - j**3/2 - 3*j**2 + 7*j. What is v(5)?
4
Suppose -5*f + 5 = -w, 4*w + 2 + 0 = 2*f. Suppose w*h + 5 = -h. Let s(k) = k**3 + 6*k**2 + 5*k. Determine s(h).
0
Let r(p) = p**3 - 3*p**2 - p + 3. Let b be ((-18)/24)/((-1)/(-12)). Let g(t) = -t**2 - 9*t + 3. Let y be g(b). Calculate r(y).
0
Suppose -13 = 5*r + 7. Let s(w) be the first derivative of w**3/3 + w**2/2 - 5*w + 27. What is s(r)?
7
Let v(f) = 2*f. Suppose 0 = -4*r + 4*w + 8, 3*r + 5*w - 2 = -4. What is v(r)?
2
Suppose 72 = 9*g - 5*g. Suppose 5*p + 8 = 4*p - 4*f, 0 = -4*p - 2*f - g. Let m(q) = -3*q - 5. Give m(p).
7
Let v(m) = -m. Let p(n) = -3*n + 3. Let y(o) = p(o) - 4*v(o). Give y(-3).
0
Suppose -17 = -2*v + 3*b, -3*v = -v + 2*b - 2. Let h(k) = -1 + k**3 - 2 - 5*k - 4*k**2